{"id":41,"date":"2020-05-06T09:06:05","date_gmt":"2020-05-06T09:06:05","guid":{"rendered":"https:\/\/fewo-bahretal.de\/?page_id=41"},"modified":"2020-05-06T09:06:05","modified_gmt":"2020-05-06T09:06:05","slug":"preise","status":"publish","type":"page","link":"https:\/\/fewo-bahretal.de\/?page_id=41","title":{"rendered":"Preise"},"content":{"rendered":"\n<p>Der Preis pro Nacht f\u00fcr 2 Personen betr\u00e4gt 45\u20ac bzw. 40\u20ac ab 3 N\u00e4chten. Sie erhalten von uns Bettw\u00e4sche, Hand- und Geschirrt\u00fccher. Im Preis au\u00dferdem enthalten ist die Endreinigung.<\/p>\n\n\n\n<p>Das Sofa im Wohnzimmer kann zur Schlafm\u00f6glichkeit f\u00fcr Kinder genutzt werden. Ab 3 Personen berechnen wir 55\u20ac bzw. 50\u20ac.<\/p>\n","protected":false},"excerpt":{"rendered":"<p>Der Preis pro Nacht f\u00fcr 2 Personen betr\u00e4gt 45\u20ac bzw. 40\u20ac ab 3 N\u00e4chten. Sie erhalten von uns Bettw\u00e4sche, Hand- und Geschirrt\u00fccher. Im Preis au\u00dferdem enthalten ist die Endreinigung. Das Sofa im Wohnzimmer kann zur Schlafm\u00f6glichkeit f\u00fcr Kinder genutzt werden. Ab 3 Personen berechnen wir 55\u20ac bzw. 50\u20ac.<\/p>\n","protected":false},"author":1,"featured_media":0,"parent":0,"menu_order":0,"comment_status":"closed","ping_status":"closed","template":"","meta":{"footnotes":""},"class_list":["post-41","page","type-page","status-publish","hentry"],"_links":{"self":[{"href":"https:\/\/fewo-bahretal.de\/index.php?rest_route=\/wp\/v2\/pages\/41","targetHints":{"allow":["GET"]}}],"collection":[{"href":"https:\/\/fewo-bahretal.de\/index.php?rest_route=\/wp\/v2\/pages"}],"about":[{"href":"https:\/\/fewo-bahretal.de\/index.php?rest_route=\/wp\/v2\/types\/page"}],"author":[{"embeddable":true,"href":"https:\/\/fewo-bahretal.de\/index.php?rest_route=\/wp\/v2\/users\/1"}],"replies":[{"embeddable":true,"href":"https:\/\/fewo-bahretal.de\/index.php?rest_route=%2Fwp%2Fv2%2Fcomments&post=41"}],"version-history":[{"count":1,"href":"https:\/\/fewo-bahretal.de\/index.php?rest_route=\/wp\/v2\/pages\/41\/revisions"}],"predecessor-version":[{"id":42,"href":"https:\/\/fewo-bahretal.de\/index.php?rest_route=\/wp\/v2\/pages\/41\/revisions\/42"}],"wp:attachment":[{"href":"https:\/\/fewo-bahretal.de\/index.php?rest_route=%2Fwp%2Fv2%2Fmedia&parent=41"}],"curies":[{"name":"wp","href":"https:\/\/api.w.org\/{rel}","templated":true}]}}

<p>Der Preis pro Nacht für 2 Personen beträgt 45€ bzw. 40€ ab 3 Nächten. Sie erhalten von uns Bettwäsche, Hand- und Geschirrtücher. Im Preis außerdem enthalten ist die Endreinigung.</p>



<p>Das Sofa im Wohnzimmer kann zur Schlafmöglichkeit für Kinder genutzt werden. Ab 3 Personen berechnen wir 55€ bzw. 50€.</p>

<p>Der Preis pro Nacht für 2 Personen beträgt 45€ bzw. 40€ ab 3 Nächten. Sie erhalten von uns Bettwäsche, Hand- und Geschirrtücher. Im Preis außerdem enthalten ist die Endreinigung. Das Sofa im Wohnzimmer kann zur Schlafmöglichkeit für Kinder genutzt werden. Ab 3 Personen berechnen wir 55€ bzw. 50€.</p>
